e factors of 48702?
2, 3, 8117
What are the prime factors of 34187?
17, 2011
What are the prime factors of 3688?
2, 461
List the prime factors of 985.
5, 197
List the prime factors of 3397.
43, 79
What are the prime factors of 11643?
3, 3881
List the prime factors of 14770.
2, 5, 7, 211
What are the prime factors of 1837?
11, 167
List the prime factors of 18720.
2, 3, 5, 13
What are the prime factors of 1690?
2, 5, 13
List the prime factors of 175591.
13, 1039
List the prime factors of 1452.
2, 3, 11
What are the prime factors of 531?
3, 59
List the prime factors of 9590.
2, 5, 7, 137
List the prime factors of 40438.
2, 20219
List the prime factors of 4917.
3, 11, 149
List the prime factors of 97661.
61, 1601
List the prime factors of 19554.
2, 3, 3259
List the prime factors of 2605.
5, 521
List the prime factors of 1393.
7, 199
List the prime factors of 3995.
5, 17, 47
What are the prime factors of 979?
11, 89
What are the prime factors of 1543?
1543
List the prime factors of 908.
2, 227
What are the prime factors of 2148?
2, 3, 179
What are the prime factors of 2609?
2609
List the prime factors of 27291.
3, 11, 827
What are the prime factors of 1839?
3, 613
List the prime factors of 24272.
2, 37, 41
What are the prime factors of 28505?
5, 5701
What are the prime factors of 4683?
3, 7, 223
List the prime factors of 26176.
2, 409
What are the prime factors of 30249?
3, 3361
What are the prime factors of 59575?
5, 2383
List the prime factors of 100337.
269, 373
List the prime factors of 51.
3, 17
List the prime factors of 1053.
3, 13
List the prime factors of 44301.
3, 14767
List the prime factors of 581.
7, 83
What are the prime factors of 2063?
2063
List the prime factors of 67037.
43, 1559
List the prime factors of 1414.
2, 7, 101
List the prime factors of 1911.
3, 7, 13
List the prime factors of 3899.
7, 557
What are the prime factors of 3091?
11, 281
What are the prime factors of 25979?
83, 313
List the prime factors of 2014.
2, 19, 53
What are the prime factors of 3244?
2, 811
What are the prime factors of 6400?
2, 5
List the prime factors of 5558.
2, 7, 397
What are the prime factors of 726?
2, 3, 11
What are the prime factors of 11229?
3, 19, 197
List the prime factors of 70971.
3, 41, 577
List the prime factors of 34533.
3, 1279
What are the prime factors of 40839?
3, 13613
List the prime factors of 2214.
2, 3, 41
What are the prime factors of 9846?
2, 3, 547
List the prime factors of 632.
2, 79
What are the prime factors of 13093?
13093
What are the prime factors of 97675?
5, 3907
List the prime factors of 6079.
6079
What are the prime factors of 19898?
2, 9949
What are the prime factors of 1432?
2, 179
What are the prime factors of 18024?
2, 3, 751
List the prime factors of 19666.
2, 9833
List the prime factors of 394.
2, 197
What are the prime factors of 1789?
1789
List the prime factors of 25447.
25447
What are the prime factors of 12827?
101, 127
What are the prime factors of 19384?
2, 2423
List the prime factors of 533.
13, 41
What are the prime factors of 11771?
79, 149
List the prime factors of 1033.
1033
What are the prime factors of 11670?
2, 3, 5, 389
List the prime factors of 2562.
2, 3, 7, 61
List the prime factors of 19343.
23, 29
List the prime factors of 8864.
2, 277
List the prime factors of 65.
5, 13
List the prime factors of 798.
2, 3, 7, 19
What are the prime factors of 211?
211
What are the prime factors of 7162?
2, 3581
List the prime factors of 3150.
2, 3, 5, 7
What are the prime factors of 232?
2, 29
What are the prime factors of 523?
523
What are the prime factors of 1584?
2, 3, 11
What are the prime factors of 1426?
2, 23, 31
What are the prime factors of 2071?
19, 109
List the prime factors of 15496.
2, 13, 149
What are the prime factors of 18898?
2, 11, 859
What are the prime factors of 27443?
13, 2111
List the prime factors of 1035.
3, 5, 23
List the prime factors of 1871.
1871
List the prime factors of 400.
2, 5
What are the prime factors of 141665?
5, 29, 977
What are the prime factors of 3001?
3001
List the prime factors of 41212.
2, 10303
What are the prime factors of 5470?
2, 5, 547
What are the prime factors of 34773?
3, 67, 173
List the prime factors of 1201.
1201
What are the prime factors of 57361?
19, 3019
What are the prime factors of 3113?
11, 283
List the prime factors of 5597.
29, 193
List the prime factors of 7936.
2, 31
List the prime factors of 76363.
7, 10909
List the prime factors of 60938.
2, 30469
List the prime factors of 4351.
19, 229
What are the prime factors of 58804?
2, 61, 241
What are the prime factors of 14520?
2, 3, 5, 11
What are the prime factors of 74040?
2, 3, 5, 617
List the prime factors of 1115.
5, 223
List the prime factors of 40173.
3, 7, 1913
What are the prime factors of 36938?
2, 11, 23, 73
List the prime factors of 19420.
2, 5, 971
List the prime factors of 65712.
2, 3, 37
What are the prime factors of 500?
2, 5
List the prime factors of 334.
2, 167
What are the prime factors of 11744?
2, 367
List the prime factors of 173718.
2, 3, 3217
List the prime factors of 57841.
7, 8263
List the prime factors of 23410.
2, 5, 2341
What are the prime factors of 47428?
2, 71, 167
What are the prime factors of 865?
5, 173
List the prime factors of 1643.
31, 53
List the prime factors of 855.
3, 5, 19
What are the prime factors of 17182?
2, 11, 71
What are the prime factors of 1181?
1181
What are the prime factors of 533?
13, 41
What are the prime factors of 24834?
2, 3, 4139
What are the prime factors of 61652?
2, 15413
What are the prime factors of 1394?
2, 17, 41
What are the prime factors of 39708?
2, 3, 1103
What are the prime factors of 630?
2, 3, 5, 7
List the prime factors of 79.
79
What are the prime factors of 45658?
2, 37, 617
What are the prime factors of 103748?
2, 37, 701
What are the prime factors of 19219?
19219
List the prime factors of 80461.
17, 4733
What are the prime factors of 10765?
5, 2153
List the prime factors of 12072.
2, 3, 503
List the prime factors of 896.
2, 7
List the prime factors of 8038.
2, 4019
List the prime factors of 23877.
3, 7, 379
What are the prime factors of 15343?
67, 229
List the prime factors of 7963.
7963
What are the prime factors of 2827?
11, 257
List the prime factors of 289.
17
What are the prime factors of 2781?
3, 103
List the prime factors of 101184.
2, 3, 17, 31
List the prime factors of 377.
13, 29
List the prime factors of 341.
11, 31
List the prime factors of 7829.
7829
List the prime factors of 2488.
2, 311
What are the prime factors of 146207?
293, 499
What are the prime factors of 12010?
2, 5, 1201
List the prime factors of 16977.
3, 5659
What are the prime factors of 9861?
3, 19, 173
What are the prime factors of 36050?
2, 5, 7, 103
List the prime factors of 5940.
2, 3, 5, 11
List the prime factors of 25525.
5, 1021
What are the prime factors of 8546?
2, 4273
What are the prime factors of 258?
2, 3, 43
What are the prime factors of 1616?
2, 101
What are the prime factors of 89596?
2, 13, 1723
What are the prime factors of 14865?
3, 5, 991
What are the prime factors of 656?
2, 41
List the prime factors of 6636.
2, 3, 7, 79
What are the prime factors of 15512?
2, 7, 277
List the prime factors of 708.
2, 3, 59
List the prime factors of 2967.
3, 23, 43
List the prime factors of 30350.
2, 5, 607
List the prime factors of 87744.
2, 3, 457
What are the prime factors of 1285?
5, 257
What are the prime factors of 238?
2, 7, 17
What are the prime factors of 1736?
2, 7, 31
List the prime factors of 48874.
2, 7, 3491
What are the prime factors of 6766?
2, 17, 199
List the prime factors of 146366.
2, 11, 6653
List the prime factors of 43339.
19, 2281
What are the prime factors of 564?
2, 3, 47
What are the prime factors of 8970?
2, 3, 5, 13, 23
List the prime factors of 4136.
2, 11, 47
What are the prime factors of 39686?
2, 19843
List the prime factors of 8426.
2, 11, 383
List the prime factors of 7574.
2, 7, 541
What are the prime factors of 501?
3, 167
List the prime factors of 1136.
2, 71
What are the prime factors of 860?
2, 5, 43
List the prime factors of 15116.
2, 3779
What are the prime factors of 164?
2, 41
List the prime factors of 1027.
13, 79
List the prime factors of 1756.
2, 439
What are the prime factors of 486